-142623 (base 7) to base 9.
-41533
12132202 (base 4) to base 7
140230
-4353 (base 12) to base 11
-5624
Convert -2344 (base 6) to base 15.
-27d
Convert -a6b (base 13) to base 12.
-1043
Convert -1011001000 (base 2) to base 16.
-2c8
-505 (base 6) to base 2
-10111001
What is 137 (base 16) in base 8?
467
What is -13000110 (base 4) in base 13?
-100a1
554 (base 10) to base 2
1000101010
Convert -10062 (base 8) to base 3.
-12200120
What is -9d1 (base 16) in base 14?
-cb7
What is 21646 (base 7) in base 10?
5473
247b (base 12) to base 14
170b
23a (base 13) to base 5
3022
1001101111110 (base 2) to base 16
137e
What is -338 (base 9) in base 12?
-1b2
What is 127564 (base 8) in base 2?
1010111101110100
What is -35776 (base 10) in base 11?
-24974
Convert 13363 (base 8) to base 5.
142000
Convert -301220 (base 4) to base 9.
-4318
Convert 618e (base 15) to base 4.
11002001
Convert -4042 (base 5) to base 10.
-522
Convert -6559 (base 11) to base 5.
-234110
Convert 8b81 (base 14) to base 7.
130421
Convert -1001001110101 (base 2) to base 5.
-122400
1039 (base 11) to base 2
10101011101
What is 688 (base 10) in base 14?
372
What is 24b (base 15) in base 11?
434
-673 (base 15) to base 11
-1106
-155 (base 14) to base 5
-2041
What is 30505 (base 6) in base 14?
16ad
-1121020 (base 3) to base 6
-5223
146 (base 8) to base 6
250
What is 20222022 (base 3) in base 4?
1033130
Convert 110101001010 (base 2) to base 10.
3402
Convert 435 (base 14) to base 4.
30333
What is -12c4 (base 13) in base 7?
-10600
2003 (base 5) to base 15
11d
What is -10010100 (base 3) in base 12?
-1399
What is -245152 (base 6) in base 15?
-673e
1020020200 (base 3) to base 13
b055
977 (base 10) to base 13
5a2
What is -6b2 (base 15) in base 11?
-115a
Convert -1684 (base 9) to base 3.
-1202211
-4551 (base 9) to base 6
-23331
Convert -54 (base 12) to base 4.
-1000
What is -253 (base 9) in base 5?
-1320
63a (base 13) to base 12
747
21101 (base 4) to base 12
415
-1232 (base 6) to base 5
-2213
e1e (base 16) to base 10
3614
1321003 (base 4) to base 14
2b75
What is -10211 (base 6) in base 9?
-1787
What is -5910 (base 12) in base 2?
-10011011011100
What is 2211211101 (base 3) in base 13?
1c654
What is 5ba7 (base 14) in base 6?
202103
-1763 (base 11) to base 8
-4307
What is 14 (base 11) in base 15?
10
Convert -1b75 (base 13) to base 7.
-15051
-5456 (base 11) to base 4
-1300200
Convert 421 (base 14) to base 3.
1010010
2125 (base 11) to base 7
11123
What is 255 (base 10) in base 11?
212
1a5a3 (base 11) to base 15
8764
Convert -1001333 (base 4) to base 15.
-13b8
What is 10001 (base 2) in base 16?
11
-100101111111110 (base 2) to base 13
-8b16
What is -618 (base 10) in base 2?
-1001101010
23421 (base 7) to base 16
179a
What is -204042 (base 6) in base 9?
-24488
What is -1465 (base 7) in base 14?
-2dc
What is -b553 (base 14) in base 16?
-7a05
Convert -245 (base 8) to base 9.
-203
Convert -1326 (base 12) to base 9.
-3003
What is -101111100 (base 2) in base 4?
-11330
Convert -1b9 (base 12) to base 11.
-23a
What is 6631 (base 9) in base 7?
20152
What is -30b (base 14) in base 16?
-257
Convert -a965 (base 14) to base 6.
-343341
What is 13011 (base 7) in base 8?
6556
What is 47736 (base 8) in base 16?
4fde
What is f9ab (base 16) in base 9?
106606
-1220212 (base 3) to base 12
-988
What is 1426 (base 10) in base 3?
1221211
Convert 44a80 (base 11) to base 10.
65186
Convert -5e30 (base 15) to base 11.
-14096
10210002 (base 3) to base 6
20432
Convert 20202020 (base 3) to base 11.
3773
-134242 (base 5) to base 7
-22150
24310 (base 5) to base 15
820
Convert -20041 (base 5) to base 15.
-59b
What is -1185 (base 10) in base 13?
-702
-1452 (base 15) to base 11
-32a7
e9 (base 16) to base 12
175
Convert cd (base 14) to base 13.
10c
Convert 1102221 (base 3) to base 16.
41b
What is -104261 (base 8) in base 3?
-1210000001
-8166 (base 10) to base 12
-4886
What is -20122023 (base 4) in base 11?
-23972
What is -761 (base 8) in base 3?
-200102
-367 (base 9) to base 2
-100110000
-15807 (base 12) to base 10
-30535
What is 570 (base 13) in base 3?
1021200
Convert -16b (base 15) to base 6.
-1302
-4403 (base 5) to base 14
-311
-a078 (base 13) to base 10
-22069
Convert -10023330 (base 4) to base 7.
-100665
21103 (base 6) to base 14
1075
5843 (base 9) to base 14
1816
215006 (base 8) to base 2
10001101000000110
What is 2300 (base 8) in base 11?
a06
621 (base 13) to base 15
496
What is 27 (base 15) in base 11?
34
Convert 222320 (base 5) to base 14.
2bd9
What is 1706 (base 13) in base 3?
11122102
Convert 3212 (base 5) to base 8.
660
Convert 79 (base 15) to base 9.
136
Convert 12231 (base 5) to base 14.
4b3
Convert 144240 (base 8) to base 6.
1033440
3059 (base 11) to base 5
112212
-5cc7 (base 16) to base 8
-56307
What is 2000102 (base 3) in base 14?
76d
Convert 46 (base 16) to base 8.
106
429 (base 10) to base 6
1553
-18b (base 14) to base 15
-164
What is -1563 (base 7) in base 9?
-773
What is 46b (base 14) in base 2?
1101101111
What is 1805 (base 9) in base 12?
972
22745 (base 12) to base 4
23032211
-124132 (base 5) to base 6
-34433
Convert 2d (base 16) to base 9.
50
220022101 (base 3) to base 2
100010100111010
Convert -20011022 (base 3) to base 12.
-2722
3 (base 15) to base 14
3
Convert -3100 (base 6) to base 16.
-2ac
Convert -2010101000 (base 3) to base 6.
-521343
What is -34a (base 15) in base 7?
-2113
Convert -1120322 (base 4) to base 7.
-22406
Convert -4744 (base 9) to base 13.
-17b0
37017 (base 8) to base 12
923b
-241553 (base 6) to base 11
-149a1
Convert -23232 (base 5) to base 12.
-b90
Convert -a2bb (base 13) to base 7.
-122326
Convert -58102 (base 10) to base 8.
-161366
-1011012 (base 3) to base 4
-31022
-305402 (base 6) to base 11
-174a2
1012 (base 6) to base 10
224
20250 (base 6) to base 15
be9
1230 (base 8) to base 3
220121
Convert -428 (base 9) to base 15.
-185
10000001110 (base 2) to base 12
726
Convert 10a3b (base 12) to base 11.
15773
-2231 (base 6) to base 9
-641
-1100 (base 3) to base 2
-100100
What is -10991 (base 10) in base 4?
-2223233
What is -12111010 (base 3) in base 7?
-14442
3033 (base 7) to base 10
1053
Convert -4bb (base 14) to base 10.
-949
Convert -2502 (base 7) to base 11.
-779
-365 (base 7) to base 16
-c2
-20526 (base 13) to base 10
-57999
Convert -2755 (base 10) to base 13.
-133c
What is 1132 (base 8) in base 10?
602
43 (base 9) to base 13
30
What is 13d1 (base 15) in base 9?
5737
Convert -509 (base 13) to base 14.
-450
-e04 (base 16) to base 5
-103323
What is -35b (base 12) in base 14?
-27d
What is 547 (base 9) in base 14?
240
-827 (base 16) to base 3
-2212022
Convert -3913 (base 11) to base 9.
-6882
What is 257 (base 8) in base 14?
c7
Convert 10320000 (base 4) to base 7.
112134
1390 (base 10) to base 4
111232
a3a (base 13) to base 12
100b
What is -1638 (base 12) in base 16?
-a4c
14152 (base 6) to base 13
1025
Convert 12012330 (base 4) to base 11.
17886
Convert 130355 (base 6) to base 3.
121012022
-52312 (base 6) to base 8
-15564
Convert -1800 (base 11) to base 15.
-a34
What is -119 (base 15) in base 14?
-13b
6233 (base 7) to base 16
884
-3708 (base 13) to base 11
-5935
Convert -3053 (base 12) to base 14.
-1cab
-1107 (base 10) to base 8
-2123
What is 214251 (base 6) in base 9?
26384
What is -921 (base 12) in base 6?
-10041
123031 (base 4) to base 9
2344
What is -3225 (base 6) in base 4?
-23201
b4b5 (base 14) to base 5
1444002
Convert 1000110 (base 2) to base 8.
106
What is 112123 (base 5) in base 12?
2406
What is -22200 (base 5) in base 11?
-118a
Convert 2d3 (base 15) to base 3.
220000
Convert -10000101010 (base 2) to base 8.
-2052
Convert -2004031 (base 5) to base 2.
-111110000010110
255 (base 7) to base 11
116
53558 (base 9) to base 4
20221322
101011101000101 (base 2) to base 5
1203331
What is -7336 (base 10) in base 12?
-42b4
Convert -76316 (base 9) to base 10.
-50559
Convert -260 (base 12) to base 4.
-11220
What is -325 (base 10) in base 15?
-16a
Convert -5 (base 6) to base 15.
-5
What is -2211 (base 15) in base 8?
-16060
1185 (base 10) to base 9
1556
303100 (base 4) to base 6
23104
What is 311411 (base 7) in base 14?
15641
What is -4a77 (base 13) in base 2?
-10100101010000
What is -1287 (base 16) in base 2?
-1001010000111
-2b9 (base 12) to base 6
-1553
Convert -64 (base 9) to base 2.
-111010
Convert -142 (base 16)